94)/12 - ((-49)/21 + 1)?
3, 43, 73
Let s(o) = -2*o**3 + 3*o**2 - 4*o + 5. Let i = 79 - 77. Let d be s(i). Let l(z) = -21*z - 27. What are the prime factors of l(d)?
2, 3, 5
Suppose -30*x = -385937 - 675853. What are the prime factors of x?
35393
Suppose -t + 1461 = 3*t - s, s + 1095 = 3*t. What are the prime factors of (-26)/39*t/(-8)*10?
5, 61
Suppose 18*j = -103*j + 2236642 + 3402200. What are the prime factors of j?
2, 3, 863
Suppose 126 = 11*j - 4*j. Let o be (-4)/(-18) + -2 + (-1318)/j. Let p = o - -209. List the prime factors of p.
2, 67
Suppose -13*f + 9*f = 0. Suppose 0 = -o, 3*n = -f*o + 2*o + 6. Suppose -n*s + 7 = -29. What are the prime factors of s?
2, 3
Let y(a) = 8*a**2 + 13*a + 21. Let g = -450 - -459. What are the prime factors of y(g)?
2, 3, 131
Let h = -1388 - -1408. Let g = 27 + -7. Let k = h + g. What are the prime factors of k?
2, 5
Suppose -3*u + 1 + 18 = m, 2*m = -5*u + 33. Suppose -h - 30 + u = 0. What are the prime factors of 4*22 + (h/(-5) - 6)?
3, 29
Let g = 105455 - 59327. List the prime factors of g.
2, 3, 31
Suppose -2*p + 50 = 4*d, 3*p - 36 = -12*d + 9*d. Suppose -d*r + 4*k - 1012 = -17*r, 2*k = 5*r - 1279. What are the prime factors of r?
3, 5, 17
Let w = 294 + -4. Suppose -28*h = -26*h + i - 152, 5*i = 4*h - w. What are the prime factors of h?
3, 5
Let b(y) = -3*y**3 - y**2 + 3*y + 3. Let h be b(-2). Let v = h - 13. Suppose 0 = -4*t + v*p + 232, 3*t = -3*p - 2*p + 134. What are the prime factors of t?
53
Suppose -3*r - 85668 = -4*x - 6*r, 21418 = x + r. List the prime factors of x.
2, 3, 43, 83
Let n = 760 + -486. Suppose n*o - 279*o = -3745. What are the prime factors of o?
7, 107
Suppose 12 = -l - 5*x + 4, -12 = -5*l + x. Suppose -2*r - 157 - 211 = 0. List the prime factors of r/(-2) - (3 - (l - 1)).
2, 3, 5
Suppose 3*h - 32 = 5*h. Suppose -4*k = 5*u + 612, 3*k - 8*k - 255 = 2*u. What are the prime factors of ((-261)/(-15) - -1)/(h/u)?
2, 3, 23
Let v(o) = 4*o**2 - 2. Let t be v(-1). Suppose 2*b - 5*l = 132, -t*b + l + 121 = -19. Let n = b + -30. What are the prime factors of n?
41
Suppose -4*u - u = 10, 3*s + 5*u = -22. What are the prime factors of 301495/170 - (-2 - 2/s)?
5, 71
Let t = -32 + 34. Suppose -t*a - 4 = 5*p - 213, -3*a - 199 = -5*p. Suppose -2*o - p = -137. What are the prime factors of o?
2, 3
Suppose -2*x = x - 12. Suppose 504 = -x*z - 5*z. List the prime factors of (-5)/(-8)*6 + z/(-224).
2
List the prime factors of ((1680/(-100))/(-21))/(4/37210).
2, 61
Suppose 0 = 5*s, -5*a + 5*s + 22 = -8. Let k be -12*7*(-16)/a. Suppose -l + k = l. List the prime factors of l.
2, 7
Let o be -2*1*(-770)/33*300. Suppose 0 = 223*h - 237*h + o. What are the prime factors of h?
2, 5
Let a = 145008 - 93535. List the prime factors of a.
51473
Let n(s) = -s**2. Let w be n(0). Suppose -2*r + w*k + 114 = -2*k, -2*r = -4*k - 114. List the prime factors of r.
3, 19
Let a be ((-963)/(-27))/((-176)/(-60) + -3). Let k = 51 - a. List the prime factors of k.
2, 293
Let l = 5580 - 4712. What are the prime factors of l?
2, 7, 31
Let g(o) = -99*o + 2462. What are the prime factors of g(-22)?
2, 5, 29
Suppose -4*l + 3*l = 2. Let a be -4*(l/8)/(3/9). Suppose -a*x + 170 = 2*n - 218, -2*x + 254 = -n. List the prime factors of x.
2
Let v = 2486 - -3785. List the prime factors of v.
6271
Let y be (-10)/(-3) + 22/(-33)*2. Suppose -v - y*p - 96 = -914, 0 = v + p - 820. What are the prime factors of v?
2, 3, 137
Suppose -k = 3*j + 4, 3*j - 2 = k - 4. Let z = 3 - j. Suppose z*f = -57 + 1013. What are the prime factors of f?
239
Suppose -m - 3*m - 5 = j, 2*m = 5*j - 19. Suppose 4*p - j*d = -1 - 8, 0 = 3*d + 15. What are the prime factors of (p + 15)/(6/44)?
2, 3, 11
Let r be 3405 + -8 + (6 - 1 - 1). Let f = -1519 + r. List the prime factors of f.
2, 941
What are the prime factors of 4787 + -2 - (40 - 43)?
2, 3, 7, 19
Let r(j) = -10*j + 142. Let p be r(14). Suppose x = 5, 5*a + 3*x - 2730 = -p*x. List the prime factors of a.
541
Suppose 0 = 39*s - 44*s - 20. List the prime factors of ((-16)/s + -3)*(-45)/(-5).
3
Let l(d) = d - 18. Let q be l(13). Let k(p) = 25*p**2 + 5*p - 16. What are the prime factors of k(q)?
2, 73
Let z = -137 + 69. Let l be (-6)/51 - -2*(-106)/z. What are the prime factors of (4 + -4)/l - -95?
5, 19
Let s(z) be the first derivative of -z**4/2 + 4*z**3/3 + 2*z**2 - 3*z - 35. Let i be s(2). Suppose i*b = 6*b - 84. List the prime factors of b.
2, 3, 7
Suppose 5*n - 24 = -i - 0*i, 0 = -n - i + 8. Let b be (-7 + 2)*(-5 + n). List the prime factors of 2 + ((-20)/b - -63).
61
Let q(z) = 110*z**2 - 76*z - 12. List the prime factors of q(4).
2, 19
Let p(y) = 126 + 112 + 48 + 2*y**2. Let f be p(0). Let d = -118 + f. List the prime factors of d.
2, 3, 7
What are the prime factors of ((30005/(-10) - 1) + -4)*-2?
6011
Let v(l) = l**3 - 5*l**2 + 6*l - 5. Let x be v(4). Suppose -28 = -x*t + 233. What are the prime factors of (-5 - t/(-15)) + (-582)/(-10)?
59
Let y(i) be the third derivative of 7*i**5/20 - 5*i**4/24 + i**3/3 - 26*i**2. Let k be y(4). Suppose 6*q = k + 852. What are the prime factors of q?
3, 5, 13
Let r be 4/((-21)/9 + 3). Let c be (r/(-15))/((-2)/(-10)). What are the prime factors of (5 - 2) + (-5 - (-253 + c))?
11, 23
Suppose -33801 = -5*i + 4*w, 21*i + 27030 = 25*i - 5*w. What are the prime factors of i?
3, 5, 11, 41
Suppose -3*z + 4366 = -3*j + 1162, -4272 = -4*z - 4*j. Suppose 0 = -4*m - 10*g + 11*g + z, -1064 = -4*m + 2*g. List the prime factors of m.
2, 67
Let a be (-2)/8 + (-119)/(-28). Suppose -a*c - 4*q = -1792, -5*c + 2231 = -q + 3*q. Suppose -p = -5*y + c, -y - 2*p + 11 = -67. What are the prime factors of y?
2, 11
Let n(o) = -o**3 - 18*o**2 + 3*o - 23. Let r be n(-20). Suppose -r + 108 = -7*m. What are the prime factors of m?
3, 29
Suppose -3*x + 4*z = -84494, 3*x - 46522 = -4*z + 38028. What are the prime factors of x?
2, 14087
Suppose -65420 = -13*n - 25423 + 57425. What are the prime factors of n?
2, 3, 1249
Let f be (0 + -1 - -4)/((-1)/23). Let r = f - -123. Suppose -k = -38 - r. List the prime factors of k.
2, 23
Suppose -7*v + 21 = -0*v. Let n(c) = -c**3 - 2*c + 2. Let t be n(v). Let u = t - -45. What are the prime factors of u?
2, 7
Let f(l) be the first derivative of 2*l**3 - 5*l**2/2 - l - 9. List the prime factors of f(-7).
2, 41
Let b(g) be the third derivative of -g**6/120 - 7*g**5/60 - g**4/12 + g**3/6 - 15*g**2. Let q be b(-5). List the prime factors of ((-26)/q)/(2/30).
2, 5
Suppose x - 7 = 5*p + 92, 3*p = -5*x - 65. Let t be (1 - p/(-15))/((-1)/6). Let c(a) = 4*a**3 + a**2 - 4. What are the prime factors of c(t)?
2
Let x = 137 - 137. Suppose -5*u = -3*d + 779, x = -0*u - u - 4. What are the prime factors of d?
11, 23
Let a be -6 + (-1467)/(-36) - (-2)/8. Suppose 108*y - a = 103*y. List the prime factors of y.
7
Suppose 5*v = 2*r + 32168, 4*v + 5*r - 9789 = 15952. List the prime factors of v.
2, 3217
Suppose -3*t = -3*k, 3*t + 3 = -3*k + 33. Let r be (12/(-10))/(2*t/(-75)). Suppose -7*o = -r*o + 144. What are the prime factors of o?
2, 3
Suppose 0 = 110*s - 557457 - 969685 - 2155878. List the prime factors of s.
2, 16741
Let w = -36 - -80. Let r = 48 - w. List the prime factors of -18*(-3)/9*r.
2, 3
Suppose -2084*k - 231324 = -2121*k. List the prime factors of k.
2, 3, 521
Suppose 15*z + 4840 = 10*z. Let t = -323 - z. What are the prime factors of t?
3, 5, 43
Let x = 86 + -83. Suppose 2*m - 1286 = -x*b - 366, 3*m + 1238 = 4*b. List the prime factors of b.
2, 7, 11
Suppose 0 = 7*o - 8*o. Suppose o*z + z = 21. Let r = -15 + z. What are the prime factors of r?
2, 3
What are the prime factors of (2202/(-15))/(273/(-8190))?
2, 3, 367
Let f = -2190 + 1430. Let l = 1349 + f. List the prime factors of l.
19, 31
Let j(l) = -400*l - 2082. What are the prime factors of j(-57)?
2, 3, 1151
Suppose -804 + 44164 = 16*o. Suppose -5*n = 5*y - o, 4*n + 1108 = -2*y + 4*y. What are the prime factors of y?
2, 3, 7, 13
Let v(d) = 95*d**2 - 5*d - 27. What are the prime factors of v(7)?
3, 1531
Let a(z) = 262*z - 464. What are the prime factors of a(8)?
2, 3, 17
Let a be 8/24 + (-1505)/(-3). Let j = a - -850. Suppose j - 56 = 6*i. List the prime factors of i.
2, 3
Let b = 25710 + 659. What are the prime factors of b?
7, 3767
Suppose 29930 = -15*x - 56830. List the prime factors of x/(-21) + 36/63.
2, 3, 23